q) = -3*q**2 + 21039*q - 105206. Determine t(5).
-86
Let m(u) = -318*u - 19997. Calculate m(-63).
37
Let s(h) = -h**2 + 94862*h - 4930122. What is s(52)?
-2
Let h(z) = -185*z**2 - 1026*z + 4. Calculate h(-4).
1148
Let w(b) = 10*b**2 + 85*b - 11. Determine w(-7).
-116
Let d(f) = f**2 - 571*f - 11783. Calculate d(-20).
37
Let p(g) = 5*g**2 + 10*g - 6894. Determine p(-38).
-54
Let z(j) = j**2 + 378*j + 3282. Calculate z(-7).
685
Let u(z) = -1049*z - 123781. What is u(-118)?
1
Let f(n) = 2*n**2 - 30205*n + 1385183. Calculate f(46).
-15
Let v(p) = 23*p**2 + 624*p + 229. Calculate v(-27).
148
Let q(h) = 2*h**3 - 30*h**2 + 150*h + 344. What is q(10)?
844
Let v(n) = -7*n**2 + 175*n + 39. Calculate v(29).
-773
Let t(i) = -17*i**2 + 1595*i - 5946. Give t(90).
-96
Let l(j) = -425*j + 9361. Give l(22).
11
Let s(o) = -1104*o**3 + 2*o**2 + 485*o - 487. Give s(1).
-1104
Let s(z) = -2*z**3 - 17*z**2 + 3*z + 358. Determine s(-13).
1840
Let a(y) = 3761*y + 18788. What is a(-5)?
-17
Let d(j) = 74267*j + 222802. Give d(-3).
1
Let y(a) = -112*a - 447. Give y(-8).
449
Let x(k) = -31699*k + 158506. Give x(5).
11
Let l(t) = 195*t + 28025. Calculate l(-142).
335
Let i(f) = 22423*f + 313931. What is i(-14)?
9
Let i(o) = -7515*o + 105253. Give i(14).
43
Let g(v) = -11*v**3 - 105*v**2 - 209*v - 120. Give g(-7).
-29
Let q(f) = -46*f + 5820. What is q(121)?
254
Let f(z) = 3*z**2 + 23766*z - 47471. Calculate f(2).
73
Let u(l) = 9249*l - 286724. What is u(31)?
-5
Let g(l) = -l**3 - 4*l**2 + 1663*l + 10052. Give g(-6).
146
Let f(m) = -m**3 + 178*m**2 - 5279*m - 11274. Determine f(-2).
4
Let h(y) = -401*y - 8512. What is h(-22)?
310
Let r(h) = 2635*h - 81680. What is r(31)?
5
Let c(m) = -m**3 + 9*m**2 + 50*m - 183. Calculate c(-6).
57
Let t(x) = 14339*x - 1218828. Determine t(85).
-13
Let o(k) = k**2 - 2*k - 20820. Determine o(147).
495
Let r(m) = 2*m**3 + 20*m**2 - 13*m - 308. Determine r(-9).
-29
Let t(n) = 38683*n + 38218. Calculate t(-1).
-465
Let b(h) = h**3 + 189*h**2 + 7808*h - 127. Determine b(-61).
-127
Let i(o) = 3470*o - 34745. Determine i(10).
-45
Let z(x) = x**3 - 236*x**2 + 2678*x - 64. What is z(12)?
-184
Let b(p) = 48876*p - 195499. What is b(4)?
5
Let a(b) = 3250*b - 9763. Calculate a(3).
-13
Let b(g) = -615*g + 1973. Calculate b(4).
-487
Let w(r) = 18*r**2 - 267*r - 3. Determine w(12).
-615
Let w(m) = 16*m**2 - 26*m - 14544. What is w(31)?
26
Let p(s) = 2601*s + 187265. Give p(-72).
-7
Let c(l) = -l**3 + 22*l**2 + 374*l + 120. Determine c(33).
483
Let v(m) = -7331*m - 183276. Calculate v(-25).
-1
Let b(w) = -1829*w + 27423. Calculate b(15).
-12
Let w(d) = d**3 - 154*d**2 - 1554*d - 14111. What is w(164)?
-7
Let l(h) = -2*h**2 + 4155*h - 8323. Calculate l(2).
-21
Let g(p) = 2065*p - 102315. Calculate g(50).
935
Let r(i) = 3*i**3 - 143*i**2 - 100*i + 2714. Give r(48).
218
Let c(d) = -235*d**2 - 4537*d + 86. What is c(-19)?
1454
Let f(c) = 12*c**3 - 26*c**2 + 161*c - 340. What is f(3)?
233
Let f(c) = -22*c - 688. Determine f(-29).
-50
Let f(o) = 84*o**2 + 3666*o + 11003. Give f(-3).
761
Let z(n) = 40*n + 991. What is z(-71)?
-1849
Let z(d) = d**3 + 54*d**2 + 817*d + 46175. Calculate z(-55).
-1785
Let u(x) = -2*x**3 - 22*x**2 - 12405*x - 136463. What is u(-11)?
-8
Let v(a) = -33150*a + 265251. Calculate v(8).
51
Let m(x) = -70*x**2 - 75512*x + 19430. What is m(-1079)?
8
Let m(h) = 1609*h + 1547822. Give m(-962).
-36
Let s(n) = n**3 + 16*n**2 + 144*n + 1666. Calculate s(-15).
-269
Let b(d) = 2*d**3 - 115*d**2 + 1552*d - 158. Give b(36).
-14
Let r(i) = 141*i - 15442. What is r(107)?
-355
Let o(r) = r**3 - 586*r**2 - 7786*r + 18. What is o(-13)?
5
Let y(u) = 51296*u + 4411451. Calculate y(-86).
-5
Let h(z) = -z**3 - 56*z**2 - 20*z + 708. Determine h(-56).
1828
Let r(t) = -t**3 - 99*t**2 + 295*t + 18. Determine r(3).
-15
Let u(p) = -27*p**2 + 11199*p - 55302. Calculate u(5).
18
Let c(x) = x**3 - 83*x**2 + 277*x + 3118. What is c(79)?
37
Let k(i) = 727*i - 37927. What is k(52)?
-123
Let c(w) = 725*w + 26531. Determine c(-36).
431
Let b(o) = -2*o**2 + 253*o + 28052. Determine b(-71).
7
Let w(q) = -38*q - 673. Calculate w(14).
-1205
Let y(q) = -2*q**2 - 54073*q + 370. Calculate y(0).
370
Let a(w) = -866*w - 13491. What is a(-16)?
365
Let f(a) = a**2 - 77*a + 992. What is f(63)?
110
Let a(v) = v**3 + 2*v**2 - 266*v - 587. Determine a(-18).
-983
Let i(r) = -25411*r + 359. Give i(0).
359
Let y(w) = -964*w + 290160. Determine y(301).
-4
Let g(z) = -112531*z - 673947. Calculate g(-6).
1239
Let l(g) = 649*g**3 - 605*g**2 + 3*g - 2. What is l(1)?
45
Let w(c) = -43*c - 45. Calculate w(-2).
41
Let s(t) = 3*t**2 + 79*t + 490. Give s(-10).
0
Let d(p) = -31*p**2 + 1739*p - 19956. What is d(40)?
4
Let q(g) = g**3 - 61*g**2 - 347*g + 483. Give q(66).
-639
Let r(h) = h**3 - 518*h**2 - 10207*h - 62. Calculate r(-19).
14
Let x(f) = -130*f**3 - 1690*f**2 + f + 95. Calculate x(-13).
82
Let v(r) = -r**3 - 26*r**2 + 921*r - 20. Give v(20).
0
Let y(i) = i**3 - 201*i**2 + 400*i - 369. Calculate y(199).
29
Let s(x) = 39*x**2 - 1689*x - 5035. What is s(-3)?
383
Let d(p) = -97*p + 1808. What is d(7)?
1129
Let g(k) = -3*k**3 - 15*k**2 - 24*k + 50. What is g(-9)?
1238
Let o(l) = -2874*l - 100446. What is o(-35)?
144
Let b(m) = 4*m**3 + 366*m**2 + 7965*m - 988. Determine b(-36).
-16
Let u(j) = 108*j**3 - 646*j**2 + 14*j - 130. What is u(6)?
26
Let s(p) = -5*p**3 - 9*p**2 + 15*p + 2. Calculate s(5).
-773
Let t(j) = 3*j**2 - 1324*j + 131136. Give t(150).
36
Let w(t) = t**3 + 25*t**2 + 956*t + 62248. What is w(-40)?
8
Let u(i) = i**3 + 27*i**2 + 7639*i + 197951. What is u(-26)?
13
Let m(y) = -8*y**2 - 409*y - 3294. What is m(-10)?
-4
Let d(g) = 2721*g - 231514. Give d(84).
-2950
Let v(s) = 144*s + 6134. Give v(-11).
4550
Let y(l) = -4*l**2 + 1005*l + 2828. Determine y(254).
34
Let d(b) = -b**3 - 2*b**2 - 33*b + 68. Determine d(-8).
716
Let p(a) = -a**3 + 710*a**2 + 2231*a - 65623. Give p(713).
-27
Let p(o) = -32*o**2 + 8177*o - 4418. Give p(255).
-83
Let x(v) = -91*v**2 - 1286*v - 3865. Calculate x(-3).
-826
Let b(t) = -449*t - 5767. Give b(-11).
-828
Let j(y) = -23*y + 222. What is j(12)?
-54
Let g(u) = u**2 + 79419*u - 317688. Calculate g(4).
4
Let k(d) = -3207*d + 44998. Give k(14).
100
Let y(u) = u**3 - 25*u**2 + 31*u + 83. Calculate y(23).
-262
Let f(n) = 21*n**2 - 1683*n + 33380. Determine f(36).
8
Let f(s) = -1525*s - 21322. Calculate f(-14).
28
Let g(f) = 6603*f + 1413042. What is g(-214)?
0
Let y(j) = -92*j + 8090. What is y(88)?
-6
Let q(o) = 258038*o + 2838422. Determine q(-11).
4
Let k(w) = -w**3 + 28*w**2 - 167*w + 5151. Give k(28).
475
Let g(i) = -7699*i - 15522. Give g(-2).
-124
Let c(s) = 662*s - 7219. Calculate c(11).
63
Let c(t) = -26*t**3 - 6*t - 1. Determine c(3).
-721
Let x(q) = 4872*q - 14025. Give x(3).
591
Let b(x) = 13274*x - 93109. Give b(7).
-191
Let d(c) = 25*c**2 + 88*c - 13. What is d(-4)?
35
Let b(f) = -2*f**3 - 656*f**2 - 1908*f + 152. Calculate b(-3).
26
Let v(b) = -2*b**3 - 139*b**2 + 8421*b + 585812. Determine v(-69).
2
Let q(f) = 4584*f - 41490. Give q(9).
-234
Let r(s) = 30*s**3 + 1017*s**2 - 56*s + 1537. Determine r(-34).
-27
Let a(y) = -872*y - 456368. Give a(-523).
-312
Let f(c) = -8264*c + 16491. What is f(2)?
-37
Let f(x) = -x**3 + 26*x**2 - 120*x - 112. What is f(20)?
-112
Let d(y) = 12*y**2 - 105*y + 202. What is d(4)?
-26
Let v(m) = -39*m**2 + 1141*m - 1371. What is v(28)?
1
Let b(j) = 11294*j - 316406. Determine b(28).
-174
Let n(x) = 13*x**3 + 1312*x**2 - 93*x + 800. What is n(-101)?
-8
Let d(c) = 4*c**3 - 33*c**2 - 32*c + 233. Calculate d(7).
-236
Let c(s) = -7*s**3 + 296*s**2 - 99*s + 676. What is c(42)?
46
Let t(b) = -2*b**3 - 112*b**2 - 599*b + 150. Determine t(-50).
100
Let m(h) = -14*h**3 - 351*h**2 - 113*h - 2181. Calculate m(-25).
19
Let d(z) = 309*z**2 - 23543*z + 4495. Determine d(76).
11
Let y(w) = -4*w**3 + 318*w**2 + 158*w + 107. Determine y(80).
-53
Let p(s) = s**2 + 103112*s - 618700. Give p(6).
8
Let s(g) = -g**3 + 70*g**2 + 801*g - 49. What is s(80)?
31
Let a(b) = -3*b**2 + 45*b + 45. What is a(7)?
213
Let f(l) = -2*l**3 + 588*l**2 - 17227*l + 243. Give f(261).
-18
Let o(q) = -q**3 + 310*q**2 + 97099*q + 3855. Determine o(-193).
-5
Let m(n) = 3*n**3 + 4*n**2 + 243*n + 984. Give m(-4).
-116
Let q(s) = s**2 - 321*s - 2954. Determine q(